(-1).
137
Let m(t) = 684*t + 7412. Calculate m(-11).
-112
Let k(t) = -6*t**3 - 458*t**2 - 173*t - 1599. Determine k(-76).
-3
Let u(s) = s**3 + 42*s**2 + 162*s - 2361. Calculate u(-36).
-417
Let a(r) = 5*r**3 + 180*r**2 + 353*r + 433. Give a(-34).
-9
Let d(z) = -625*z - 4940. Calculate d(-9).
685
Let v(u) = 6*u**2 - 96*u - 2225. Determine v(-22).
2791
Let g(p) = p**2 + 6548*p + 13092. What is g(-2)?
0
Let u(s) = s**2 - 244255*s + 2198231. Calculate u(9).
17
Let b(g) = 43*g**2 - 379*g + 1584. What is b(4)?
756
Let v(j) = 30*j**2 + 473*j - 1048. Determine v(2).
18
Let b(d) = 2029*d - 81179. Determine b(40).
-19
Let k(w) = -35*w - 1969. What is k(-61)?
166
Let a(g) = -g**2 - 2264*g - 778729. Give a(-423).
14
Let h(z) = 262*z + 634. Give h(-5).
-676
Let b(u) = -10588*u + 2943473. What is b(278)?
9
Let y(n) = -372163*n + 2977313. What is y(8)?
9
Let r(c) = c**2 - 2069*c + 8290. Calculate r(4).
30
Let w(v) = v**3 - 144*v**2 + 4665*v - 52. Give w(49).
438
Let j(l) = 2*l**2 + 1690*l + 147709. Calculate j(-99).
1
Let b(z) = z**3 + 128*z**2 + 1417*z + 2828. Calculate b(-116).
-72
Let c(j) = -8*j**2 + 2277*j + 22837. Calculate c(-10).
-733
Let m(k) = 11*k**2 - 828*k - 601. Give m(77).
862
Let r(u) = -867968*u - 4339846. Calculate r(-5).
-6
Let l(a) = 739*a**2 - 62072*a - 345. What is l(84)?
-9
Let c(j) = j**3 - 683*j**2 - 2093*j - 79. Calculate c(-3).
26
Let k(d) = 6942*d**2 - 124958*d + 9. Determine k(18).
-27
Let h(g) = -18*g**2 + 1989*g - 54607. What is h(51)?
14
Let b(y) = -y**2 - 257*y + 29676. Determine b(-343).
178
Let c(p) = 310*p**2 + 8982*p + 341. Give c(-29).
573
Let m(a) = -32*a - 991. Calculate m(-19).
-383
Let i(z) = -2354*z + 194260. Calculate i(82).
1232
Let m(z) = -6*z**3 + 15*z**2 + 15*z - 277. Determine m(8).
-2269
Let w(r) = 2*r**3 + 48*r**2 + 225*r - 226. Give w(-6).
-280
Let k(j) = 10484*j**2 + 188704*j - 139. Calculate k(-18).
5
Let d(s) = 43*s**2 + 371*s - 310. Calculate d(-9).
-166
Let f(v) = -v**2 - 23*v - 187. What is f(-16)?
-75
Let p(q) = -62*q**2 - 765*q - 145. Give p(-12).
107
Let c(j) = j**3 - 66*j**2 + 1017*j - 29. Calculate c(23).
615
Let j(x) = -14*x**2 - 3*x + 11. Give j(-4).
-201
Let v(t) = -83*t**2 - 4399*t + 52. What is v(-53)?
52
Let h(b) = 2*b**2 - 217*b + 4361. Give h(82).
15
Let v(s) = 37*s + 2561. Determine v(-115).
-1694
Let j(c) = c**3 + 252*c**2 - 6636*c - 4021. Give j(-276).
-709
Let p(d) = 3108*d + 31257. What is p(-10)?
177
Let z(f) = -f**3 - 25*f**2 + 146*f + 3727. Give z(-25).
77
Let s(q) = -q**3 - 160*q**2 - 6434*q - 2820. Determine s(-81).
15
Let q(u) = 1322*u - 22071. Determine q(17).
403
Let d(h) = -153028*h + 612200. Calculate d(4).
88
Let z(t) = 1177*t - 7019. Give z(7).
1220
Let i(c) = 3*c**3 - 212*c**2 + 83*c + 3898. Determine i(70).
-92
Let z(y) = 4*y**2 - 4815*y + 24080. Calculate z(5).
105
Let n(t) = -26*t**2 - 1213*t - 4434. Determine n(-4).
2
Let s(u) = 35*u**2 + 5*u - 1567. Give s(0).
-1567
Let s(j) = -47*j**3 - 752*j**2 - 270*j - 4324. Give s(-16).
-4
Let v(f) = -2*f**3 + 266*f**2 + 2*f - 546. Give v(133).
-280
Let j(x) = 8*x**2 - 248*x - 4347. What is j(-21)?
4389
Let u(j) = -j**3 + 53*j**2 - 604*j + 49. What is u(17)?
185
Let b(h) = -h**3 + 141*h**2 + 302*h - 2172. Calculate b(143).
116
Let q(l) = -l**2 + 1284*l + 218268. Determine q(1436).
-4
Let l(m) = -29*m**3 - 1648*m**2 + 358*m + 4159. Calculate l(-57).
-2
Let w(m) = 312*m + 3724. Give w(-11).
292
Let z(b) = -2*b**3 + 48*b**2 + 4513*b + 76. Give z(-37).
113
Let z(b) = -3*b**3 - 30*b**2 + 93*b + 1080. Determine z(-11).
420
Let b(o) = 5579*o + 22308. Determine b(-4).
-8
Let b(m) = 2174*m**2 - 15507*m + 1989. Calculate b(7).
-34
Let p(l) = 516*l - 29893. Calculate p(58).
35
Let w(a) = 2*a**3 + 75*a**2 + 509*a - 27. What is w(-30)?
-1797
Let d(c) = c**3 - 10*c**2 - 285*c + 3012. Determine d(16).
-12
Let n(l) = -6*l**2 - 8486*l + 50989. Calculate n(6).
-143
Let v(j) = 527*j - 9784. Give v(19).
229
Let t(n) = 60*n**3 - 75*n**2 + 145*n + 3. What is t(2)?
473
Let l(p) = -2909*p + 148310. Determine l(51).
-49
Let n(h) = h**3 + 26*h**2 - 52*h - 942. What is n(-19)?
2573
Let y(z) = 257*z + 36118. Determine y(-143).
-633
Let g(w) = -3*w**2 + 51*w - 358. Calculate g(23).
-772
Let s(q) = -q**3 - 35*q**2 + 1125*q - 12112. Determine s(-58).
10
Let p(s) = 98*s - 973. What is p(16)?
595
Let j(m) = -27*m**2 + 2435*m + 1870. Give j(91).
-132
Let c(i) = i**3 + 16*i**2 + 1490*i + 14840. Give c(-10).
540
Let z(g) = 60*g**3 - 17407*g**2 + 2025*g + 1440. Determine z(290).
-10
Let o(g) = g**3 - 8*g**2 - 38*g + 285. What is o(6)?
-15
Let q(t) = -234*t + 23400. Determine q(100).
0
Let j(u) = -846371*u + 10. Give j(0).
10
Let u(z) = 3*z**3 + 27*z**2 + 243*z + 1. What is u(-8)?
-1751
Let v(z) = 8*z**3 - z**2 - 7056*z + 7057. Give v(1).
8
Let q(z) = -2*z**2 + 244*z + 514. Give q(125).
-236
Let z(u) = 12871*u - 154428. Calculate z(12).
24
Let h(t) = 6*t**2 - 37777*t - 113379. Give h(-3).
6
Let p(k) = -k**2 + 11*k + 4499. What is p(-60)?
239
Let t(n) = 2*n**2 + 1308*n + 143116. What is t(-515)?
-54
Let g(x) = -25*x**2 - 582*x - 1781. What is g(-3)?
-260
Let y(t) = 639*t + 253435. Give y(-397).
-248
Let v(w) = -2*w**2 + 9*w + 1969. Calculate v(-26).
383
Let p(c) = 2*c**3 + 25*c**2 - 60*c - 243. Determine p(-10).
857
Let d(y) = -2*y**3 - 112*y**2 - 1299*y - 310. Calculate d(-16).
-6
Let l(r) = 2621*r - 68122. Give l(26).
24
Let d(b) = 29617*b - 2428588. Calculate d(82).
6
Let m(z) = 242*z**2 - 5*z - 4. Calculate m(-1).
243
Let y(g) = -6758*g - 128406. What is y(-19)?
-4
Let i(s) = -5*s**3 + 1954*s**2 + 2315*s + 14618. What is i(392)?
114
Let j(w) = 273*w - 4593. Calculate j(17).
48
Let j(p) = -p**3 + 306*p**2 - 1220*p + 3627. Determine j(302).
3
Let d(g) = g**3 + 28*g**2 + 216*g + 60. What is d(-15)?
-255
Let m(j) = j**3 - 231*j**2 + 458*j + 974. Calculate m(229).
974
Let z(r) = 196067*r + 8038743. Give z(-41).
-4
Let h(y) = -56085*y**2 - 1009531*y - 12. Give h(-18).
6
Let j(k) = 4*k**3 + 112*k**2 - 117*k + 44. Give j(-29).
73
Let d(n) = -n**3 - 144*n**2 - 772*n - 10699. What is d(-139)?
4
Let w(g) = g**3 + 33*g**2 - 566*g + 1430. Calculate w(-46).
-42
Let z(f) = f**3 + 305*f**2 + 102*f + 31118. Determine z(-305).
8
Let j(d) = 61727*d - 987649. Determine j(16).
-17
Let f(s) = -52*s**2 + 377*s + 1106. Calculate f(-2).
144
Let n(m) = -m**3 + 162*m**2 + 729*m - 142547. Give n(161).
743
Let z(q) = -q**2 + 39777*q + 437675. What is z(-11)?
7
Let d(m) = -18*m**2 - 882*m + 854. Give d(-50).
-46
Let w(v) = -v**3 - 24*v**2 + 2581*v - 16528. Calculate w(7).
20
Let a(x) = 289147*x + 578369. Give a(-2).
75
Let b(y) = 166*y + 23405. Calculate b(-139).
331
Let y(u) = -2*u**3 - 23*u**2 + 59*u - 980. What is y(-15)?
-290
Let h(d) = -1685*d**2 + 47178*d + 30. Determine h(28).
-26
Let a(y) = 168590*y + 1517304. Calculate a(-9).
-6
Let t(i) = -8*i**2 - 200*i + 13142. What is t(29)?
614
Let n(t) = -538*t**2 - 153*t - 306. Give n(-2).
-2152
Let n(j) = 233*j**2 + 49*j - 1949. What is n(-3)?
1
Let u(f) = -f**2 + 11173*f - 6223984. Calculate u(588).
-4
Let i(z) = z**2 + 9733*z - 273285. Calculate i(28).
23
Let x(d) = 16185*d - 258937. Give x(16).
23
Let r(t) = 67*t**2 - 648*t - 101. What is r(10)?
119
Let x(u) = -u**2 + 4183*u + 29419. What is x(-7)?
89
Let r(x) = -698*x - 4108. Calculate r(-8).
1476
Let c(a) = -13840*a - 13477. Give c(-1).
363
Let x(z) = 7*z**3 - 94*z**2 + 558*z + 11. What is x(6)?
1487
Let m(h) = 38*h**2 - 260*h - 1882. Determine m(-7).
1800
Let u(k) = k**3 + 93*k**2 + 1109*k + 356. Determine u(-79).
119
Let a(j) = j**3 + 2*j**2 - 47*j + 5. Determine a(-10).
-325
Let v(y) = -2*y**3 - 22*y**2 + 3*y - 93. Determine v(-11).
-126
Let f(w) = 9*w**2 + 257*w + 1396. Give f(-7).
38
Let k(u) = 11*u**2 - 822*u - 11584. Calculate k(-14).
2080
Let i(d) = d**2 + 217*d + 6104. What is i(-29)?
652
Let l(y) = -4469434*y - 26816614. Determine l(-6).
-10
Let d(x) = -x**2 + 58024*x + 14. Determine d(0).
14
Let g(w) = 10497*w - 1994423. Give g(190).
7
Let s(d) = -5*d**2 + 123*d + 345. Calculate s(37).
-1949
Let i(l) = -l**2 + 413*l - 30413. What is i(96)?
19
Let o(n) = 4*n**3 + 22*n**2 + 11*n - 9. Give o(-3).
48
Let j(x) = 20*x**2 + 2672*x - 20871. What is j(-141)?
-3
Let a(f) = -f**2 + 958*f - 186180. What is a(271)?
-3
Let d(n) = n**2 + 319*n + 26541. Determine d(-151).
1173
Let y(n) 